{"id":22111,"date":"2025-05-31T19:54:47","date_gmt":"2025-05-31T19:54:47","guid":{"rendered":"https:\/\/minasecinema.com.br\/?post_type=tnc_col_21655_item&#038;p=22111"},"modified":"2025-05-31T19:56:56","modified_gmt":"2025-05-31T19:56:56","slug":"diretorio-academico-faculdade-de-odontologia","status":"publish","type":"tnc_col_21655_item","link":"https:\/\/minasecinema.repesq.ufjf.br\/en\/colecao-de-flamulas\/diretorio-academico-faculdade-de-odontologia\/","title":{"rendered":"Diret\u00f3rio Acad\u00eamico Faculdade de Odontologia"},"content":{"rendered":"<p>Diret\u00f3rio Acad\u00eamico Faculdade de Odontologia Bel\u00e9m-Par\u00e1<\/p>","protected":false},"featured_media":22116,"parent":0,"menu_order":0,"comment_status":"closed","ping_status":"closed","template":"","format":"standard","tnc_tax_8393":[288],"tnc_tax_4866":[47],"tnc_tax_3507":[19],"class_list":["post-22111","tnc_col_21655_item","type-tnc_col_21655_item","status-publish","format-standard","has-post-thumbnail","hentry","tnc_tax_21666-museu-municipal-de-visconde-do-rio-branco","tnc_tax_8393-288","tnc_tax_4866-visconde-do-rio-branco","tnc_tax_3507-zona-da-mata","tainacan-item-single-page"],"blocksy_meta":[],"_links":{"self":[{"href":"https:\/\/minasecinema.repesq.ufjf.br\/en\/wp-json\/wp\/v2\/tnc_col_21655_item\/22111","targetHints":{"allow":["GET"]}}],"collection":[{"href":"https:\/\/minasecinema.repesq.ufjf.br\/en\/wp-json\/wp\/v2\/tnc_col_21655_item"}],"about":[{"href":"https:\/\/minasecinema.repesq.ufjf.br\/en\/wp-json\/wp\/v2\/types\/tnc_col_21655_item"}],"replies":[{"embeddable":true,"href":"https:\/\/minasecinema.repesq.ufjf.br\/en\/wp-json\/wp\/v2\/comments?post=22111"}],"version-history":[{"count":1,"href":"https:\/\/minasecinema.repesq.ufjf.br\/en\/wp-json\/wp\/v2\/tnc_col_21655_item\/22111\/revisions"}],"predecessor-version":[{"id":22132,"href":"https:\/\/minasecinema.repesq.ufjf.br\/en\/wp-json\/wp\/v2\/tnc_col_21655_item\/22111\/revisions\/22132"}],"wp:featuredmedia":[{"embeddable":true,"href":"https:\/\/minasecinema.repesq.ufjf.br\/en\/wp-json\/wp\/v2\/media\/22116"}],"wp:attachment":[{"href":"https:\/\/minasecinema.repesq.ufjf.br\/en\/wp-json\/wp\/v2\/media?parent=22111"}],"wp:term":[{"taxonomy":"tnc_tax_8393","embeddable":true,"href":"https:\/\/minasecinema.repesq.ufjf.br\/en\/wp-json\/wp\/v2\/tnc_tax_8393?post=22111"},{"taxonomy":"tnc_tax_4866","embeddable":true,"href":"https:\/\/minasecinema.repesq.ufjf.br\/en\/wp-json\/wp\/v2\/tnc_tax_4866?post=22111"},{"taxonomy":"tnc_tax_3507","embeddable":true,"href":"https:\/\/minasecinema.repesq.ufjf.br\/en\/wp-json\/wp\/v2\/tnc_tax_3507?post=22111"}],"curies":[{"name":"wp","href":"https:\/\/api.w.org\/{rel}","templated":true}]}}

Diretório Acadêmico Faculdade de Odontologia

<p>Diretório Acadêmico Faculdade de Odontologia Belém-Pará</p>
