{"id":22497,"date":"2025-05-31T20:45:57","date_gmt":"2025-05-31T20:45:57","guid":{"rendered":"https:\/\/minasecinema.com.br\/?post_type=tnc_col_21655_item&#038;p=22497"},"modified":"2025-05-31T20:48:18","modified_gmt":"2025-05-31T20:48:18","slug":"vava-moreira","status":"publish","type":"tnc_col_21655_item","link":"https:\/\/minasecinema.repesq.ufjf.br\/en\/colecao-de-flamulas\/vava-moreira\/","title":{"rendered":"Vav\u00e1 Moreira"},"content":{"rendered":"<p>Vav\u00e1 Moreira &#8211; cronista de r\u00e1dio do Flash<\/p>","protected":false},"featured_media":22502,"parent":0,"menu_order":0,"comment_status":"closed","ping_status":"closed","template":"","format":"standard","tnc_tax_8393":[288],"tnc_tax_4866":[47],"tnc_tax_3507":[19],"class_list":["post-22497","tnc_col_21655_item","type-tnc_col_21655_item","status-publish","format-standard","has-post-thumbnail","hentry","tnc_tax_21666-museu-municipal-de-visconde-do-rio-branco","tnc_tax_8393-288","tnc_tax_4866-visconde-do-rio-branco","tnc_tax_3507-zona-da-mata","tainacan-item-single-page"],"blocksy_meta":[],"_links":{"self":[{"href":"https:\/\/minasecinema.repesq.ufjf.br\/en\/wp-json\/wp\/v2\/tnc_col_21655_item\/22497","targetHints":{"allow":["GET"]}}],"collection":[{"href":"https:\/\/minasecinema.repesq.ufjf.br\/en\/wp-json\/wp\/v2\/tnc_col_21655_item"}],"about":[{"href":"https:\/\/minasecinema.repesq.ufjf.br\/en\/wp-json\/wp\/v2\/types\/tnc_col_21655_item"}],"replies":[{"embeddable":true,"href":"https:\/\/minasecinema.repesq.ufjf.br\/en\/wp-json\/wp\/v2\/comments?post=22497"}],"version-history":[{"count":1,"href":"https:\/\/minasecinema.repesq.ufjf.br\/en\/wp-json\/wp\/v2\/tnc_col_21655_item\/22497\/revisions"}],"predecessor-version":[{"id":22513,"href":"https:\/\/minasecinema.repesq.ufjf.br\/en\/wp-json\/wp\/v2\/tnc_col_21655_item\/22497\/revisions\/22513"}],"wp:featuredmedia":[{"embeddable":true,"href":"https:\/\/minasecinema.repesq.ufjf.br\/en\/wp-json\/wp\/v2\/media\/22502"}],"wp:attachment":[{"href":"https:\/\/minasecinema.repesq.ufjf.br\/en\/wp-json\/wp\/v2\/media?parent=22497"}],"wp:term":[{"taxonomy":"tnc_tax_8393","embeddable":true,"href":"https:\/\/minasecinema.repesq.ufjf.br\/en\/wp-json\/wp\/v2\/tnc_tax_8393?post=22497"},{"taxonomy":"tnc_tax_4866","embeddable":true,"href":"https:\/\/minasecinema.repesq.ufjf.br\/en\/wp-json\/wp\/v2\/tnc_tax_4866?post=22497"},{"taxonomy":"tnc_tax_3507","embeddable":true,"href":"https:\/\/minasecinema.repesq.ufjf.br\/en\/wp-json\/wp\/v2\/tnc_tax_3507?post=22497"}],"curies":[{"name":"wp","href":"https:\/\/api.w.org\/{rel}","templated":true}]}}

Vavá Moreira

<p>Vavá Moreira &#8211; cronista de rádio do Flash</p>
