{"id":2699,"date":"2025-01-23T19:54:54","date_gmt":"2025-01-23T19:54:54","guid":{"rendered":"https:\/\/minasecinema.com.br\/?post_type=tnc_col_2227_item&#038;p=2699"},"modified":"2025-06-22T22:20:22","modified_gmt":"2025-06-22T22:20:22","slug":"trofeu-5","status":"publish","type":"tnc_col_2227_item","link":"https:\/\/minasecinema.repesq.ufjf.br\/en\/objetos-pessoais-de-jotta-barroso\/trofeu-5\/","title":{"rendered":"Trof\u00e9u"},"content":{"rendered":"<p>Trof\u00e9u Jorge Carone Filho aos melhores do r\u00e1dio e televis\u00e3o de 1962 &#8211; Folha de Minas<\/p>","protected":false},"featured_media":2700,"parent":0,"menu_order":0,"comment_status":"closed","ping_status":"closed","template":"","format":"standard","tnc_tax_8393":[287],"tnc_tax_6759":[56],"tnc_tax_4866":[47],"tnc_tax_3507":[19],"class_list":["post-2699","tnc_col_2227_item","type-tnc_col_2227_item","status-publish","format-standard","has-post-thumbnail","hentry","tnc_tax_34467-acervo-jotta-barroso","tnc_tax_21666-museu-municipal-de-visconde-do-rio-branco","tnc_tax_8933-regular","tnc_tax_8929-trofeu","tnc_tax_8393-287","tnc_tax_6759-metal","tnc_tax_4866-visconde-do-rio-branco","tnc_tax_3507-zona-da-mata","tainacan-item-single-page"],"blocksy_meta":[],"_links":{"self":[{"href":"https:\/\/minasecinema.repesq.ufjf.br\/en\/wp-json\/wp\/v2\/tnc_col_2227_item\/2699","targetHints":{"allow":["GET"]}}],"collection":[{"href":"https:\/\/minasecinema.repesq.ufjf.br\/en\/wp-json\/wp\/v2\/tnc_col_2227_item"}],"about":[{"href":"https:\/\/minasecinema.repesq.ufjf.br\/en\/wp-json\/wp\/v2\/types\/tnc_col_2227_item"}],"replies":[{"embeddable":true,"href":"https:\/\/minasecinema.repesq.ufjf.br\/en\/wp-json\/wp\/v2\/comments?post=2699"}],"version-history":[{"count":1,"href":"https:\/\/minasecinema.repesq.ufjf.br\/en\/wp-json\/wp\/v2\/tnc_col_2227_item\/2699\/revisions"}],"predecessor-version":[{"id":2720,"href":"https:\/\/minasecinema.repesq.ufjf.br\/en\/wp-json\/wp\/v2\/tnc_col_2227_item\/2699\/revisions\/2720"}],"wp:featuredmedia":[{"embeddable":true,"href":"https:\/\/minasecinema.repesq.ufjf.br\/en\/wp-json\/wp\/v2\/media\/2700"}],"wp:attachment":[{"href":"https:\/\/minasecinema.repesq.ufjf.br\/en\/wp-json\/wp\/v2\/media?parent=2699"}],"wp:term":[{"taxonomy":"tnc_tax_8393","embeddable":true,"href":"https:\/\/minasecinema.repesq.ufjf.br\/en\/wp-json\/wp\/v2\/tnc_tax_8393?post=2699"},{"taxonomy":"tnc_tax_6759","embeddable":true,"href":"https:\/\/minasecinema.repesq.ufjf.br\/en\/wp-json\/wp\/v2\/tnc_tax_6759?post=2699"},{"taxonomy":"tnc_tax_4866","embeddable":true,"href":"https:\/\/minasecinema.repesq.ufjf.br\/en\/wp-json\/wp\/v2\/tnc_tax_4866?post=2699"},{"taxonomy":"tnc_tax_3507","embeddable":true,"href":"https:\/\/minasecinema.repesq.ufjf.br\/en\/wp-json\/wp\/v2\/tnc_tax_3507?post=2699"}],"curies":[{"name":"wp","href":"https:\/\/api.w.org\/{rel}","templated":true}]}}

Troféu

<p>Troféu Jorge Carone Filho aos melhores do rádio e televisão de 1962 &#8211; Folha de Minas</p>
