{"id":4597,"date":"2025-03-04T17:10:58","date_gmt":"2025-03-04T17:10:58","guid":{"rendered":"https:\/\/minasecinema.com.br\/?post_type=tnc_col_2227_item&#038;p=4597"},"modified":"2025-04-21T23:14:59","modified_gmt":"2025-04-21T23:14:59","slug":"placa-comemorativa","status":"publish","type":"tnc_col_2227_item","link":"https:\/\/minasecinema.repesq.ufjf.br\/en\/objetos-pessoais-de-jotta-barroso\/placa-comemorativa\/","title":{"rendered":"Placa comemorativa"},"content":{"rendered":"<p>Placa octogonal em madeira e metal com tampa acr\u00edlica com o seguinte dizer: A Da. Zilah homenagem da &#8220;Arma\u00e7\u00e3o sem compromisso&#8221; 1987.<\/p>","protected":false},"featured_media":4598,"parent":0,"menu_order":0,"comment_status":"closed","ping_status":"closed","template":"","format":"standard","tnc_tax_8393":[185],"tnc_tax_6759":[59,55,56],"tnc_tax_4866":[47],"tnc_tax_3507":[19],"class_list":["post-4597","tnc_col_2227_item","type-tnc_col_2227_item","status-publish","format-standard","has-post-thumbnail","hentry","tnc_tax_8933-regular","tnc_tax_8929-placa-comemorativa","tnc_tax_8393-185","tnc_tax_6759-acrilico","tnc_tax_6759-madeira","tnc_tax_6759-metal","tnc_tax_4866-visconde-do-rio-branco","tnc_tax_3507-zona-da-mata","tainacan-item-single-page"],"blocksy_meta":[],"_links":{"self":[{"href":"https:\/\/minasecinema.repesq.ufjf.br\/en\/wp-json\/wp\/v2\/tnc_col_2227_item\/4597","targetHints":{"allow":["GET"]}}],"collection":[{"href":"https:\/\/minasecinema.repesq.ufjf.br\/en\/wp-json\/wp\/v2\/tnc_col_2227_item"}],"about":[{"href":"https:\/\/minasecinema.repesq.ufjf.br\/en\/wp-json\/wp\/v2\/types\/tnc_col_2227_item"}],"replies":[{"embeddable":true,"href":"https:\/\/minasecinema.repesq.ufjf.br\/en\/wp-json\/wp\/v2\/comments?post=4597"}],"version-history":[{"count":4,"href":"https:\/\/minasecinema.repesq.ufjf.br\/en\/wp-json\/wp\/v2\/tnc_col_2227_item\/4597\/revisions"}],"predecessor-version":[{"id":4652,"href":"https:\/\/minasecinema.repesq.ufjf.br\/en\/wp-json\/wp\/v2\/tnc_col_2227_item\/4597\/revisions\/4652"}],"wp:featuredmedia":[{"embeddable":true,"href":"https:\/\/minasecinema.repesq.ufjf.br\/en\/wp-json\/wp\/v2\/media\/4598"}],"wp:attachment":[{"href":"https:\/\/minasecinema.repesq.ufjf.br\/en\/wp-json\/wp\/v2\/media?parent=4597"}],"wp:term":[{"taxonomy":"tnc_tax_8393","embeddable":true,"href":"https:\/\/minasecinema.repesq.ufjf.br\/en\/wp-json\/wp\/v2\/tnc_tax_8393?post=4597"},{"taxonomy":"tnc_tax_6759","embeddable":true,"href":"https:\/\/minasecinema.repesq.ufjf.br\/en\/wp-json\/wp\/v2\/tnc_tax_6759?post=4597"},{"taxonomy":"tnc_tax_4866","embeddable":true,"href":"https:\/\/minasecinema.repesq.ufjf.br\/en\/wp-json\/wp\/v2\/tnc_tax_4866?post=4597"},{"taxonomy":"tnc_tax_3507","embeddable":true,"href":"https:\/\/minasecinema.repesq.ufjf.br\/en\/wp-json\/wp\/v2\/tnc_tax_3507?post=4597"}],"curies":[{"name":"wp","href":"https:\/\/api.w.org\/{rel}","templated":true}]}}

<p>Placa octogonal em madeira e metal com tampa acrílica com o seguinte dizer: A Da. Zilah homenagem da &#8220;Armação sem compromisso&#8221; 1987.</p>
