{"id":34307,"date":"2025-06-07T22:09:25","date_gmt":"2025-06-07T22:09:25","guid":{"rendered":"https:\/\/minasecinema.com.br\/?post_type=tnc_col_34076_item&#038;p=34307"},"modified":"2025-06-08T14:49:50","modified_gmt":"2025-06-08T14:49:50","slug":"cartao-do-inamps","status":"publish","type":"tnc_col_34076_item","link":"https:\/\/minasecinema.repesq.ufjf.br\/en\/teste-documento-jotta-barroso\/cartao-do-inamps\/","title":{"rendered":"Cart\u00e3o do INAMPS"},"content":{"rendered":"<p>Cart\u00e3o de identifica\u00e7\u00e3o do benefici\u00e1rio do INAMPS<\/p>","protected":false},"featured_media":34315,"parent":0,"menu_order":0,"comment_status":"closed","ping_status":"closed","template":"","format":"standard","tnc_tax_8393":[288],"tnc_tax_4866":[47],"tnc_tax_3507":[19],"class_list":["post-34307","tnc_col_34076_item","type-tnc_col_34076_item","status-publish","format-standard","has-post-thumbnail","hentry","tnc_tax_34467-acervo-jotta-barroso","tnc_tax_34085-documento-de-identificacao","tnc_tax_21666-museu-municipal-de-visconde-do-rio-branco","tnc_tax_8393-288","tnc_tax_4866-visconde-do-rio-branco","tnc_tax_3507-zona-da-mata","tainacan-item-single-page"],"blocksy_meta":[],"_links":{"self":[{"href":"https:\/\/minasecinema.repesq.ufjf.br\/en\/wp-json\/wp\/v2\/tnc_col_34076_item\/34307","targetHints":{"allow":["GET"]}}],"collection":[{"href":"https:\/\/minasecinema.repesq.ufjf.br\/en\/wp-json\/wp\/v2\/tnc_col_34076_item"}],"about":[{"href":"https:\/\/minasecinema.repesq.ufjf.br\/en\/wp-json\/wp\/v2\/types\/tnc_col_34076_item"}],"replies":[{"embeddable":true,"href":"https:\/\/minasecinema.repesq.ufjf.br\/en\/wp-json\/wp\/v2\/comments?post=34307"}],"version-history":[{"count":1,"href":"https:\/\/minasecinema.repesq.ufjf.br\/en\/wp-json\/wp\/v2\/tnc_col_34076_item\/34307\/revisions"}],"predecessor-version":[{"id":34328,"href":"https:\/\/minasecinema.repesq.ufjf.br\/en\/wp-json\/wp\/v2\/tnc_col_34076_item\/34307\/revisions\/34328"}],"wp:featuredmedia":[{"embeddable":true,"href":"https:\/\/minasecinema.repesq.ufjf.br\/en\/wp-json\/wp\/v2\/media\/34315"}],"wp:attachment":[{"href":"https:\/\/minasecinema.repesq.ufjf.br\/en\/wp-json\/wp\/v2\/media?parent=34307"}],"wp:term":[{"taxonomy":"tnc_tax_8393","embeddable":true,"href":"https:\/\/minasecinema.repesq.ufjf.br\/en\/wp-json\/wp\/v2\/tnc_tax_8393?post=34307"},{"taxonomy":"tnc_tax_4866","embeddable":true,"href":"https:\/\/minasecinema.repesq.ufjf.br\/en\/wp-json\/wp\/v2\/tnc_tax_4866?post=34307"},{"taxonomy":"tnc_tax_3507","embeddable":true,"href":"https:\/\/minasecinema.repesq.ufjf.br\/en\/wp-json\/wp\/v2\/tnc_tax_3507?post=34307"}],"curies":[{"name":"wp","href":"https:\/\/api.w.org\/{rel}","templated":true}]}}

Cartão do INAMPS

<p>Cartão de identificação do beneficiário do INAMPS</p>
