{"id":34350,"date":"2025-06-07T22:16:26","date_gmt":"2025-06-07T22:16:26","guid":{"rendered":"https:\/\/minasecinema.com.br\/?post_type=tnc_col_34076_item&#038;p=34350"},"modified":"2025-06-08T14:49:22","modified_gmt":"2025-06-08T14:49:22","slug":"cartao-do-centro-de-saude","status":"publish","type":"tnc_col_34076_item","link":"https:\/\/minasecinema.repesq.ufjf.br\/en\/teste-documento-jotta-barroso\/cartao-do-centro-de-saude\/","title":{"rendered":"Cart\u00e3o do Centro de sa\u00fade"},"content":{"rendered":"<p>Cart\u00e3o do Centro de sa\u00fade Barros Barreto da Rua Toneleros<\/p>","protected":false},"featured_media":34375,"parent":0,"menu_order":0,"comment_status":"closed","ping_status":"closed","template":"","format":"standard","tnc_tax_8393":[289],"tnc_tax_4866":[47],"tnc_tax_3507":[19],"class_list":["post-34350","tnc_col_34076_item","type-tnc_col_34076_item","status-publish","format-standard","has-post-thumbnail","hentry","tnc_tax_34467-acervo-jotta-barroso","tnc_tax_34085-documento-de-identificacao","tnc_tax_21666-museu-municipal-de-visconde-do-rio-branco","tnc_tax_8393-289","tnc_tax_4866-visconde-do-rio-branco","tnc_tax_3507-zona-da-mata","tainacan-item-single-page"],"blocksy_meta":[],"_links":{"self":[{"href":"https:\/\/minasecinema.repesq.ufjf.br\/en\/wp-json\/wp\/v2\/tnc_col_34076_item\/34350","targetHints":{"allow":["GET"]}}],"collection":[{"href":"https:\/\/minasecinema.repesq.ufjf.br\/en\/wp-json\/wp\/v2\/tnc_col_34076_item"}],"about":[{"href":"https:\/\/minasecinema.repesq.ufjf.br\/en\/wp-json\/wp\/v2\/types\/tnc_col_34076_item"}],"replies":[{"embeddable":true,"href":"https:\/\/minasecinema.repesq.ufjf.br\/en\/wp-json\/wp\/v2\/comments?post=34350"}],"version-history":[{"count":1,"href":"https:\/\/minasecinema.repesq.ufjf.br\/en\/wp-json\/wp\/v2\/tnc_col_34076_item\/34350\/revisions"}],"predecessor-version":[{"id":34376,"href":"https:\/\/minasecinema.repesq.ufjf.br\/en\/wp-json\/wp\/v2\/tnc_col_34076_item\/34350\/revisions\/34376"}],"wp:featuredmedia":[{"embeddable":true,"href":"https:\/\/minasecinema.repesq.ufjf.br\/en\/wp-json\/wp\/v2\/media\/34375"}],"wp:attachment":[{"href":"https:\/\/minasecinema.repesq.ufjf.br\/en\/wp-json\/wp\/v2\/media?parent=34350"}],"wp:term":[{"taxonomy":"tnc_tax_8393","embeddable":true,"href":"https:\/\/minasecinema.repesq.ufjf.br\/en\/wp-json\/wp\/v2\/tnc_tax_8393?post=34350"},{"taxonomy":"tnc_tax_4866","embeddable":true,"href":"https:\/\/minasecinema.repesq.ufjf.br\/en\/wp-json\/wp\/v2\/tnc_tax_4866?post=34350"},{"taxonomy":"tnc_tax_3507","embeddable":true,"href":"https:\/\/minasecinema.repesq.ufjf.br\/en\/wp-json\/wp\/v2\/tnc_tax_3507?post=34350"}],"curies":[{"name":"wp","href":"https:\/\/api.w.org\/{rel}","templated":true}]}}

Cartão do Centro de saúde

<p>Cartão do Centro de saúde Barros Barreto da Rua Toneleros</p>
