{"id":34823,"date":"2025-07-07T02:15:41","date_gmt":"2025-07-07T02:15:41","guid":{"rendered":"https:\/\/minasecinema.com.br\/?post_type=tnc_col_6696_item&#038;p=34823"},"modified":"2025-07-07T02:22:57","modified_gmt":"2025-07-07T02:22:57","slug":"salas-de-cinema-de-juiz-de-fora","status":"publish","type":"tnc_col_6696_item","link":"https:\/\/minasecinema.repesq.ufjf.br\/en\/referencias-bibliograficas-mg\/salas-de-cinema-de-juiz-de-fora\/","title":{"rendered":"Salas de Cinema de Juiz de Fora"},"content":{"rendered":"<p>Blog sobre a hist\u00f3ria das Salas de Cinema que j\u00e1 se estabeleceram no munic\u00edpio de Juiz de Fora\/MG. Este blog pretende disponibilizar uma colet\u00e2nea de textos e fotos sobre a atividade cinematogr\u00e1fica juizforana atrav\u00e9s de suas salas.<\/p>","protected":false},"featured_media":34836,"parent":0,"menu_order":0,"comment_status":"closed","ping_status":"closed","template":"","format":"standard","tnc_tax_8393":[288],"tnc_tax_6723":[74],"tnc_tax_4866":[39],"tnc_tax_3507":[19],"class_list":["post-34823","tnc_col_6696_item","type-tnc_col_6696_item","status-publish","format-standard","has-post-thumbnail","hentry","tnc_tax_8393-288","tnc_tax_6723-site","tnc_tax_4866-juiz-de-fora","tnc_tax_3507-zona-da-mata","tainacan-item-single-page"],"blocksy_meta":[],"_links":{"self":[{"href":"https:\/\/minasecinema.repesq.ufjf.br\/en\/wp-json\/wp\/v2\/tnc_col_6696_item\/34823","targetHints":{"allow":["GET"]}}],"collection":[{"href":"https:\/\/minasecinema.repesq.ufjf.br\/en\/wp-json\/wp\/v2\/tnc_col_6696_item"}],"about":[{"href":"https:\/\/minasecinema.repesq.ufjf.br\/en\/wp-json\/wp\/v2\/types\/tnc_col_6696_item"}],"replies":[{"embeddable":true,"href":"https:\/\/minasecinema.repesq.ufjf.br\/en\/wp-json\/wp\/v2\/comments?post=34823"}],"version-history":[{"count":1,"href":"https:\/\/minasecinema.repesq.ufjf.br\/en\/wp-json\/wp\/v2\/tnc_col_6696_item\/34823\/revisions"}],"predecessor-version":[{"id":34838,"href":"https:\/\/minasecinema.repesq.ufjf.br\/en\/wp-json\/wp\/v2\/tnc_col_6696_item\/34823\/revisions\/34838"}],"wp:featuredmedia":[{"embeddable":true,"href":"https:\/\/minasecinema.repesq.ufjf.br\/en\/wp-json\/wp\/v2\/media\/34836"}],"wp:attachment":[{"href":"https:\/\/minasecinema.repesq.ufjf.br\/en\/wp-json\/wp\/v2\/media?parent=34823"}],"wp:term":[{"taxonomy":"tnc_tax_8393","embeddable":true,"href":"https:\/\/minasecinema.repesq.ufjf.br\/en\/wp-json\/wp\/v2\/tnc_tax_8393?post=34823"},{"taxonomy":"tnc_tax_6723","embeddable":true,"href":"https:\/\/minasecinema.repesq.ufjf.br\/en\/wp-json\/wp\/v2\/tnc_tax_6723?post=34823"},{"taxonomy":"tnc_tax_4866","embeddable":true,"href":"https:\/\/minasecinema.repesq.ufjf.br\/en\/wp-json\/wp\/v2\/tnc_tax_4866?post=34823"},{"taxonomy":"tnc_tax_3507","embeddable":true,"href":"https:\/\/minasecinema.repesq.ufjf.br\/en\/wp-json\/wp\/v2\/tnc_tax_3507?post=34823"}],"curies":[{"name":"wp","href":"https:\/\/api.w.org\/{rel}","templated":true}]}}

<p>Blog sobre a história das Salas de Cinema que já se estabeleceram no município de Juiz de Fora/MG. Este blog pretende disponibilizar uma coletânea de textos e fotos sobre a atividade cinematográfica juizforana através de suas salas.</p>
