{"id":8111,"date":"2025-04-09T16:59:54","date_gmt":"2025-04-09T16:59:54","guid":{"rendered":"https:\/\/minasecinema.com.br\/?post_type=tnc_col_6696_item&#038;p=8111"},"modified":"2025-04-18T11:02:48","modified_gmt":"2025-04-18T11:02:48","slug":"o-maior-cinema-na-historia-de-barbacena-panorama-dos-primeiros-anos-do-cine-theatro-apollo-1923-a-1925","status":"publish","type":"tnc_col_6696_item","link":"https:\/\/minasecinema.repesq.ufjf.br\/en\/referencias-bibliograficas-mg\/o-maior-cinema-na-historia-de-barbacena-panorama-dos-primeiros-anos-do-cine-theatro-apollo-1923-a-1925\/","title":{"rendered":"O maior cinema na hist\u00f3ria de Barbacena: panorama dos primeiros anos do Cine-Theatro Apollo (1923 a 1925)"},"content":{"rendered":"<p>O objetivo deste artigo \u00e9 apresentar um panorama dos primeiros anos de<br \/>\nfuncionamento do Cine-Theatro Apollo, o cinema de rua de Barbacena, Minas Gerais, que esteve em atividade por maior n\u00famero de anos, respectivamente de 1923 a 1998, a fim de entender como se deu o funcionamento, qual a equipe de trabalho, p\u00fablico, filmes e programa\u00e7\u00f5es. O recorte temporal come\u00e7a em 1923, ano de inaugura\u00e7\u00e3o do recinto, e finda em 1925, per\u00edodo em que a casa foi arrendada pela primeira vez. Para isso recorreu-se especialmente a pesquisa documental com jornal, revista e entrevista. Como conclus\u00e3o apresenta-se que a casa abrigou diferentes tipos de programa\u00e7\u00f5es adulto, infantil, art\u00edstica e beneficente; contemplou a presen\u00e7a de diferentes estratos sociais, incluindo pessoas brancas e negras; inovou na compra de filmes e, por fim, incluiu mulheres de modo p\u00fablico em sua equipe de trabalho.<\/p>","protected":false},"featured_media":8109,"parent":0,"menu_order":0,"comment_status":"closed","ping_status":"closed","template":"","format":"standard","tnc_tax_8393":[94],"tnc_tax_6723":[50],"tnc_tax_4866":[35],"tnc_tax_3507":[20],"class_list":["post-8111","tnc_col_6696_item","type-tnc_col_6696_item","status-publish","format-standard","has-post-thumbnail","hentry","tnc_tax_8393-94","tnc_tax_6723-artigo","tnc_tax_4866-barbacena","tnc_tax_3507-campo-das-vertentes","tainacan-item-single-page"],"blocksy_meta":[],"_links":{"self":[{"href":"https:\/\/minasecinema.repesq.ufjf.br\/en\/wp-json\/wp\/v2\/tnc_col_6696_item\/8111","targetHints":{"allow":["GET"]}}],"collection":[{"href":"https:\/\/minasecinema.repesq.ufjf.br\/en\/wp-json\/wp\/v2\/tnc_col_6696_item"}],"about":[{"href":"https:\/\/minasecinema.repesq.ufjf.br\/en\/wp-json\/wp\/v2\/types\/tnc_col_6696_item"}],"replies":[{"embeddable":true,"href":"https:\/\/minasecinema.repesq.ufjf.br\/en\/wp-json\/wp\/v2\/comments?post=8111"}],"version-history":[{"count":1,"href":"https:\/\/minasecinema.repesq.ufjf.br\/en\/wp-json\/wp\/v2\/tnc_col_6696_item\/8111\/revisions"}],"predecessor-version":[{"id":8137,"href":"https:\/\/minasecinema.repesq.ufjf.br\/en\/wp-json\/wp\/v2\/tnc_col_6696_item\/8111\/revisions\/8137"}],"wp:featuredmedia":[{"embeddable":true,"href":"https:\/\/minasecinema.repesq.ufjf.br\/en\/wp-json\/wp\/v2\/media\/8109"}],"wp:attachment":[{"href":"https:\/\/minasecinema.repesq.ufjf.br\/en\/wp-json\/wp\/v2\/media?parent=8111"}],"wp:term":[{"taxonomy":"tnc_tax_8393","embeddable":true,"href":"https:\/\/minasecinema.repesq.ufjf.br\/en\/wp-json\/wp\/v2\/tnc_tax_8393?post=8111"},{"taxonomy":"tnc_tax_6723","embeddable":true,"href":"https:\/\/minasecinema.repesq.ufjf.br\/en\/wp-json\/wp\/v2\/tnc_tax_6723?post=8111"},{"taxonomy":"tnc_tax_4866","embeddable":true,"href":"https:\/\/minasecinema.repesq.ufjf.br\/en\/wp-json\/wp\/v2\/tnc_tax_4866?post=8111"},{"taxonomy":"tnc_tax_3507","embeddable":true,"href":"https:\/\/minasecinema.repesq.ufjf.br\/en\/wp-json\/wp\/v2\/tnc_tax_3507?post=8111"}],"curies":[{"name":"wp","href":"https:\/\/api.w.org\/{rel}","templated":true}]}}

O maior cinema na história de Barbacena: panorama dos primeiros anos do Cine-Theatro Apollo (1923 a 1925)

<p>O objetivo deste artigo é apresentar um panorama dos primeiros anos de<br />
funcionamento do Cine-Theatro Apollo, o cinema de rua de Barbacena, Minas Gerais, que esteve em atividade por maior número de anos, respectivamente de 1923 a 1998, a fim de entender como se deu o funcionamento, qual a equipe de trabalho, público, filmes e programações. O recorte temporal começa em 1923, ano de inauguração do recinto, e finda em 1925, período em que a casa foi arrendada pela primeira vez. Para isso recorreu-se especialmente a pesquisa documental com jornal, revista e entrevista. Como conclusão apresenta-se que a casa abrigou diferentes tipos de programações adulto, infantil, artística e beneficente; contemplou a presença de diferentes estratos sociais, incluindo pessoas brancas e negras; inovou na compra de filmes e, por fim, incluiu mulheres de modo público em sua equipe de trabalho.</p>
