{"id":8565,"date":"2025-04-16T13:24:08","date_gmt":"2025-04-16T13:24:08","guid":{"rendered":"https:\/\/minasecinema.com.br\/?post_type=tnc_col_6696_item&#038;p=8565"},"modified":"2025-04-18T10:59:42","modified_gmt":"2025-04-18T10:59:42","slug":"cinema-em-juiz-de-fora","status":"publish","type":"tnc_col_6696_item","link":"https:\/\/minasecinema.repesq.ufjf.br\/en\/referencias-bibliograficas-mg\/cinema-em-juiz-de-fora\/","title":{"rendered":"Cinema in Juiz de Fora"},"content":{"rendered":"<p>Cinema em Juiz de Fora re\u00fane artigos de pesquisadores como Carlos Roberto de Souza, Christina Ferraz Musse, Rosane Carmanini Ferraz, Adriano Medeiros da Rocha e Hayd\u00eae Sant\u2019Ana Arantes. Os artigos retratam aspectos da produ\u00e7\u00e3o e reflex\u00e3o sobre cinema na cidade dentro de um amplo recorte temporal, que vai de 1896 at\u00e9 o in\u00edcio dos anos 2000. S\u00e3o contemplados nomes como os do cineasta Jos\u00e9 Sette, Jo\u00e3o Carri\u00e7o e sua Carri\u00e7o Film, Marcos Pimentel, do escritor juiz-forano Pedro Nava, al\u00e9m de publica\u00e7\u00f5es como A T\u00f4rre de Marfim e o movimento cineclubista do Centro de Estudos Cinematogr\u00e1ficos de Juiz de Fora.<\/p>\n<p>Tendo seu pref\u00e1cio escrito pela pesquisadora Sheila Schvarzman, Cinema em Juiz de Fora busca expandir o campo das pesquisas cinematogr\u00e1ficas para al\u00e9m dos eixos hegem\u00f4nicos, centrados nas capitais Rio\/S\u00e3o Paulo, abarcando e valorizando experi\u00eancias regionais que enriquecem, em muito, a hist\u00f3ria do cinema brasileiro.<\/p>","protected":false},"featured_media":8569,"parent":0,"menu_order":0,"comment_status":"closed","ping_status":"closed","template":"","format":"standard","tnc_tax_8393":[99],"tnc_tax_6723":[48],"tnc_tax_4866":[39],"tnc_tax_3507":[19],"class_list":["post-8565","tnc_col_6696_item","type-tnc_col_6696_item","status-publish","format-standard","has-post-thumbnail","hentry","tnc_tax_8393-99","tnc_tax_6723-livro","tnc_tax_4866-juiz-de-fora","tnc_tax_3507-zona-da-mata","tainacan-item-single-page"],"blocksy_meta":[],"_links":{"self":[{"href":"https:\/\/minasecinema.repesq.ufjf.br\/en\/wp-json\/wp\/v2\/tnc_col_6696_item\/8565","targetHints":{"allow":["GET"]}}],"collection":[{"href":"https:\/\/minasecinema.repesq.ufjf.br\/en\/wp-json\/wp\/v2\/tnc_col_6696_item"}],"about":[{"href":"https:\/\/minasecinema.repesq.ufjf.br\/en\/wp-json\/wp\/v2\/types\/tnc_col_6696_item"}],"replies":[{"embeddable":true,"href":"https:\/\/minasecinema.repesq.ufjf.br\/en\/wp-json\/wp\/v2\/comments?post=8565"}],"version-history":[{"count":1,"href":"https:\/\/minasecinema.repesq.ufjf.br\/en\/wp-json\/wp\/v2\/tnc_col_6696_item\/8565\/revisions"}],"predecessor-version":[{"id":8591,"href":"https:\/\/minasecinema.repesq.ufjf.br\/en\/wp-json\/wp\/v2\/tnc_col_6696_item\/8565\/revisions\/8591"}],"wp:featuredmedia":[{"embeddable":true,"href":"https:\/\/minasecinema.repesq.ufjf.br\/en\/wp-json\/wp\/v2\/media\/8569"}],"wp:attachment":[{"href":"https:\/\/minasecinema.repesq.ufjf.br\/en\/wp-json\/wp\/v2\/media?parent=8565"}],"wp:term":[{"taxonomy":"tnc_tax_8393","embeddable":true,"href":"https:\/\/minasecinema.repesq.ufjf.br\/en\/wp-json\/wp\/v2\/tnc_tax_8393?post=8565"},{"taxonomy":"tnc_tax_6723","embeddable":true,"href":"https:\/\/minasecinema.repesq.ufjf.br\/en\/wp-json\/wp\/v2\/tnc_tax_6723?post=8565"},{"taxonomy":"tnc_tax_4866","embeddable":true,"href":"https:\/\/minasecinema.repesq.ufjf.br\/en\/wp-json\/wp\/v2\/tnc_tax_4866?post=8565"},{"taxonomy":"tnc_tax_3507","embeddable":true,"href":"https:\/\/minasecinema.repesq.ufjf.br\/en\/wp-json\/wp\/v2\/tnc_tax_3507?post=8565"}],"curies":[{"name":"wp","href":"https:\/\/api.w.org\/{rel}","templated":true}]}}

<p>Cinema em Juiz de Fora reúne artigos de pesquisadores como Carlos Roberto de Souza, Christina Ferraz Musse, Rosane Carmanini Ferraz, Adriano Medeiros da Rocha e Haydêe Sant’Ana Arantes. Os artigos retratam aspectos da produção e reflexão sobre cinema na cidade dentro de um amplo recorte temporal, que vai de 1896 até o início dos anos 2000. São contemplados nomes como os do cineasta José Sette, João Carriço e sua Carriço Film, Marcos Pimentel, do escritor juiz-forano Pedro Nava, além de publicações como A Tôrre de Marfim e o movimento cineclubista do Centro de Estudos Cinematográficos de Juiz de Fora.</p>
<p>Tendo seu prefácio escrito pela pesquisadora Sheila Schvarzman, Cinema em Juiz de Fora busca expandir o campo das pesquisas cinematográficas para além dos eixos hegemônicos, centrados nas capitais Rio/São Paulo, abarcando e valorizando experiências regionais que enriquecem, em muito, a história do cinema brasileiro.</p>
