{"id":8684,"date":"2025-04-16T14:23:31","date_gmt":"2025-04-16T14:23:31","guid":{"rendered":"https:\/\/minasecinema.com.br\/?post_type=tnc_col_6696_item&#038;p=8684"},"modified":"2025-04-18T10:58:05","modified_gmt":"2025-04-18T10:58:05","slug":"memorias-possiveis-personagens-da-televisao-em-juiz-de-fora","status":"publish","type":"tnc_col_6696_item","link":"https:\/\/minasecinema.repesq.ufjf.br\/en\/referencias-bibliograficas-mg\/memorias-possiveis-personagens-da-televisao-em-juiz-de-fora\/","title":{"rendered":"Mem\u00f3rias Poss\u00edveis. Personagens da televis\u00e3o em Juiz de Fora."},"content":{"rendered":"<p>&#8220;O passado revisitado: uma dupla inscri\u00e7\u00e3o memor\u00e1vel. Transcrever sob a forma de imagens escritas aquilo que brota da fala que relembra um passado, sempre aberto aos id\u00edlios que os tempos pret\u00e9ritos trazem, fazendo emergir o que \u00e9 muitas vezes qualificado como o maravilhoso tempo de outrora, \u00e9 uma a\u00e7\u00e3o que se institui a partir de uma dupla inscri\u00e7\u00e3o memor\u00e1vel. A primeira daqueles que lembram os m\u00faltiplos trabalhos de mem\u00f3ria do passado como inscri\u00e7\u00e3o presente nas suas vidas e por estrat\u00e9gias de lembran\u00e7a e esquecimento colocam a vida em cena novamente. A segunda \u00e9 a inscri\u00e7\u00e3o memor\u00e1vel do pr\u00f3prio pesquisador, que antep\u00f5e o passado ao seu presente mais do que contempor\u00e2neo, pois \u00e9 da\u00ed que extrai a mat\u00e9ria prima de sua pesquisa, e, assim produz outra esp\u00e9cie de visita ao passado. Enfim, relembram as grandes coberturas, os grandes acontecimentos, a forma como \u00b4contaram\u00b4 a cidade e marcaram, pelo ato de contar, um momento que hoje \u00e9 elevado a categoria de tempo fundador. &#8221; &#8211; Marialva Carlos Barbosa<\/p>","protected":false},"featured_media":8720,"parent":0,"menu_order":0,"comment_status":"closed","ping_status":"closed","template":"","format":"standard","tnc_tax_8393":[106],"tnc_tax_6723":[48],"tnc_tax_4866":[39],"tnc_tax_3507":[19],"class_list":["post-8684","tnc_col_6696_item","type-tnc_col_6696_item","status-publish","format-standard","has-post-thumbnail","hentry","tnc_tax_8393-106","tnc_tax_6723-livro","tnc_tax_4866-juiz-de-fora","tnc_tax_3507-zona-da-mata","tainacan-item-single-page"],"blocksy_meta":[],"_links":{"self":[{"href":"https:\/\/minasecinema.repesq.ufjf.br\/en\/wp-json\/wp\/v2\/tnc_col_6696_item\/8684","targetHints":{"allow":["GET"]}}],"collection":[{"href":"https:\/\/minasecinema.repesq.ufjf.br\/en\/wp-json\/wp\/v2\/tnc_col_6696_item"}],"about":[{"href":"https:\/\/minasecinema.repesq.ufjf.br\/en\/wp-json\/wp\/v2\/types\/tnc_col_6696_item"}],"replies":[{"embeddable":true,"href":"https:\/\/minasecinema.repesq.ufjf.br\/en\/wp-json\/wp\/v2\/comments?post=8684"}],"version-history":[{"count":1,"href":"https:\/\/minasecinema.repesq.ufjf.br\/en\/wp-json\/wp\/v2\/tnc_col_6696_item\/8684\/revisions"}],"predecessor-version":[{"id":8721,"href":"https:\/\/minasecinema.repesq.ufjf.br\/en\/wp-json\/wp\/v2\/tnc_col_6696_item\/8684\/revisions\/8721"}],"wp:featuredmedia":[{"embeddable":true,"href":"https:\/\/minasecinema.repesq.ufjf.br\/en\/wp-json\/wp\/v2\/media\/8720"}],"wp:attachment":[{"href":"https:\/\/minasecinema.repesq.ufjf.br\/en\/wp-json\/wp\/v2\/media?parent=8684"}],"wp:term":[{"taxonomy":"tnc_tax_8393","embeddable":true,"href":"https:\/\/minasecinema.repesq.ufjf.br\/en\/wp-json\/wp\/v2\/tnc_tax_8393?post=8684"},{"taxonomy":"tnc_tax_6723","embeddable":true,"href":"https:\/\/minasecinema.repesq.ufjf.br\/en\/wp-json\/wp\/v2\/tnc_tax_6723?post=8684"},{"taxonomy":"tnc_tax_4866","embeddable":true,"href":"https:\/\/minasecinema.repesq.ufjf.br\/en\/wp-json\/wp\/v2\/tnc_tax_4866?post=8684"},{"taxonomy":"tnc_tax_3507","embeddable":true,"href":"https:\/\/minasecinema.repesq.ufjf.br\/en\/wp-json\/wp\/v2\/tnc_tax_3507?post=8684"}],"curies":[{"name":"wp","href":"https:\/\/api.w.org\/{rel}","templated":true}]}}

Memórias Possíveis. Personagens da televisão em Juiz de Fora.

<p>&#8220;O passado revisitado: uma dupla inscrição memorável. Transcrever sob a forma de imagens escritas aquilo que brota da fala que relembra um passado, sempre aberto aos idílios que os tempos pretéritos trazem, fazendo emergir o que é muitas vezes qualificado como o maravilhoso tempo de outrora, é uma ação que se institui a partir de uma dupla inscrição memorável. A primeira daqueles que lembram os múltiplos trabalhos de memória do passado como inscrição presente nas suas vidas e por estratégias de lembrança e esquecimento colocam a vida em cena novamente. A segunda é a inscrição memorável do próprio pesquisador, que antepõe o passado ao seu presente mais do que contemporâneo, pois é daí que extrai a matéria prima de sua pesquisa, e, assim produz outra espécie de visita ao passado. Enfim, relembram as grandes coberturas, os grandes acontecimentos, a forma como ´contaram´ a cidade e marcaram, pelo ato de contar, um momento que hoje é elevado a categoria de tempo fundador. &#8221; &#8211; Marialva Carlos Barbosa</p>
