{"id":70143,"date":"2026-03-20T23:17:13","date_gmt":"2026-03-20T23:17:13","guid":{"rendered":"https:\/\/minasecinema.repesq.ufjf.br\/?post_type=tnc_col_70059_item&#038;p=70143"},"modified":"2026-04-06T17:14:31","modified_gmt":"2026-04-06T17:14:31","slug":"70143-2","status":"publish","type":"tnc_col_70059_item","link":"https:\/\/minasecinema.repesq.ufjf.br\/en\/producao-autoral-de-geraldo-pereira\/70143-2\/","title":{"rendered":"folheto &#8220;Rebeli\u00e3o em Vila Rica&#8221;"},"content":{"rendered":"<p>folheto de divulga\u00e7\u00e3o do filme Rebeli\u00e3o em Vila Rica<\/p>","protected":false},"featured_media":70157,"parent":0,"menu_order":0,"comment_status":"closed","ping_status":"closed","template":"","format":"standard","tnc_tax_8393":[178],"tnc_tax_4866":[47],"tnc_tax_3507":[19],"class_list":["post-70143","tnc_col_70059_item","type-tnc_col_70059_item","status-publish","format-standard","has-post-thumbnail","hentry","tnc_tax_70311-rebeliao-em-vila-rica","tnc_tax_34467-acervo-geraldo-santos-pereira","tnc_tax_34085-material-de-divulgacao","tnc_tax_21666-academia-riobranquense-de-letras","tnc_tax_8393-178","tnc_tax_4866-visconde-do-rio-branco","tnc_tax_3507-zona-da-mata","tainacan-item-single-page"],"blocksy_meta":[],"_links":{"self":[{"href":"https:\/\/minasecinema.repesq.ufjf.br\/en\/wp-json\/wp\/v2\/tnc_col_70059_item\/70143","targetHints":{"allow":["GET"]}}],"collection":[{"href":"https:\/\/minasecinema.repesq.ufjf.br\/en\/wp-json\/wp\/v2\/tnc_col_70059_item"}],"about":[{"href":"https:\/\/minasecinema.repesq.ufjf.br\/en\/wp-json\/wp\/v2\/types\/tnc_col_70059_item"}],"replies":[{"embeddable":true,"href":"https:\/\/minasecinema.repesq.ufjf.br\/en\/wp-json\/wp\/v2\/comments?post=70143"}],"version-history":[{"count":6,"href":"https:\/\/minasecinema.repesq.ufjf.br\/en\/wp-json\/wp\/v2\/tnc_col_70059_item\/70143\/revisions"}],"predecessor-version":[{"id":70549,"href":"https:\/\/minasecinema.repesq.ufjf.br\/en\/wp-json\/wp\/v2\/tnc_col_70059_item\/70143\/revisions\/70549"}],"wp:featuredmedia":[{"embeddable":true,"href":"https:\/\/minasecinema.repesq.ufjf.br\/en\/wp-json\/wp\/v2\/media\/70157"}],"wp:attachment":[{"href":"https:\/\/minasecinema.repesq.ufjf.br\/en\/wp-json\/wp\/v2\/media?parent=70143"}],"wp:term":[{"taxonomy":"tnc_tax_8393","embeddable":true,"href":"https:\/\/minasecinema.repesq.ufjf.br\/en\/wp-json\/wp\/v2\/tnc_tax_8393?post=70143"},{"taxonomy":"tnc_tax_4866","embeddable":true,"href":"https:\/\/minasecinema.repesq.ufjf.br\/en\/wp-json\/wp\/v2\/tnc_tax_4866?post=70143"},{"taxonomy":"tnc_tax_3507","embeddable":true,"href":"https:\/\/minasecinema.repesq.ufjf.br\/en\/wp-json\/wp\/v2\/tnc_tax_3507?post=70143"}],"curies":[{"name":"wp","href":"https:\/\/api.w.org\/{rel}","templated":true}]}}

folheto &#8220;Rebelião em Vila Rica&#8221;

<p>folheto de divulgação do filme Rebelião em Vila Rica</p>
