{"id":7710,"date":"2025-03-23T11:40:12","date_gmt":"2025-03-23T11:40:12","guid":{"rendered":"https:\/\/minasecinema.com.br\/?post_type=tnc_col_7683_item&#038;p=7710"},"modified":"2025-04-18T10:48:36","modified_gmt":"2025-04-18T10:48:36","slug":"ufjf-semic-2020-minas-e-cinema","status":"publish","type":"tnc_col_7683_item","link":"https:\/\/minasecinema.repesq.ufjf.br\/en\/seminario-de-iniciacao-cientifica\/ufjf-semic-2020-minas-e-cinema\/","title":{"rendered":"UFJF\/SEMIC 2020"},"content":{"rendered":"<p>O projeto Minas \u00e9 Cinema objetiva mapear a atividade cinematogr\u00e1fica no Estado de Minas Gerais, no que diz respeito \u00e0 produ\u00e7\u00e3o, exibi\u00e7\u00e3o, distribui\u00e7\u00e3o de filmes, recep\u00e7\u00e3o, produ\u00e7\u00e3o cr\u00edtica e publica\u00e7\u00f5es sobre cinema. Em sua terceira etapa, o projeto priorizou as atividades de levantamento, sistematiza\u00e7\u00e3o e digitaliza\u00e7\u00e3o do acervo da empresa Central de Divers\u00f5es e do ex-funcion\u00e1rio da Central de Divers\u00f5es Waltencir Parizi, bem como, um trabalho de reorganiza\u00e7\u00e3o do site www.ufjf.br\/minasecinema.<\/p>","protected":false},"featured_media":7736,"parent":0,"menu_order":0,"comment_status":"closed","ping_status":"closed","template":"","format":"standard","tnc_tax_8393":[96],"class_list":["post-7710","tnc_col_7683_item","type-tnc_col_7683_item","status-publish","format-standard","has-post-thumbnail","hentry","tnc_tax_8393-96","tainacan-item-single-page"],"blocksy_meta":[],"_links":{"self":[{"href":"https:\/\/minasecinema.repesq.ufjf.br\/en\/wp-json\/wp\/v2\/tnc_col_7683_item\/7710","targetHints":{"allow":["GET"]}}],"collection":[{"href":"https:\/\/minasecinema.repesq.ufjf.br\/en\/wp-json\/wp\/v2\/tnc_col_7683_item"}],"about":[{"href":"https:\/\/minasecinema.repesq.ufjf.br\/en\/wp-json\/wp\/v2\/types\/tnc_col_7683_item"}],"replies":[{"embeddable":true,"href":"https:\/\/minasecinema.repesq.ufjf.br\/en\/wp-json\/wp\/v2\/comments?post=7710"}],"version-history":[{"count":2,"href":"https:\/\/minasecinema.repesq.ufjf.br\/en\/wp-json\/wp\/v2\/tnc_col_7683_item\/7710\/revisions"}],"predecessor-version":[{"id":7777,"href":"https:\/\/minasecinema.repesq.ufjf.br\/en\/wp-json\/wp\/v2\/tnc_col_7683_item\/7710\/revisions\/7777"}],"wp:featuredmedia":[{"embeddable":true,"href":"https:\/\/minasecinema.repesq.ufjf.br\/en\/wp-json\/wp\/v2\/media\/7736"}],"wp:attachment":[{"href":"https:\/\/minasecinema.repesq.ufjf.br\/en\/wp-json\/wp\/v2\/media?parent=7710"}],"wp:term":[{"taxonomy":"tnc_tax_8393","embeddable":true,"href":"https:\/\/minasecinema.repesq.ufjf.br\/en\/wp-json\/wp\/v2\/tnc_tax_8393?post=7710"}],"curies":[{"name":"wp","href":"https:\/\/api.w.org\/{rel}","templated":true}]}}

<p>O projeto Minas é Cinema objetiva mapear a atividade cinematográfica no Estado de Minas Gerais, no que diz respeito à produção, exibição, distribuição de filmes, recepção, produção crítica e publicações sobre cinema. Em sua terceira etapa, o projeto priorizou as atividades de levantamento, sistematização e digitalização do acervo da empresa Central de Diversões e do ex-funcionário da Central de Diversões Waltencir Parizi, bem como, um trabalho de reorganização do site www.ufjf.br/minasecinema.</p>
