{"id":7822,"date":"2025-03-23T12:05:54","date_gmt":"2025-03-23T12:05:54","guid":{"rendered":"https:\/\/minasecinema.com.br\/?post_type=tnc_col_7683_item&#038;p=7822"},"modified":"2025-04-18T10:50:50","modified_gmt":"2025-04-18T10:50:50","slug":"ufjf-semic-2018","status":"publish","type":"tnc_col_7683_item","link":"https:\/\/minasecinema.repesq.ufjf.br\/en\/seminario-de-iniciacao-cientifica\/ufjf-semic-2018\/","title":{"rendered":"UFJF\/SEMIC 2018"},"content":{"rendered":"<p>O Minas \u00e9 Cinema objetiva mapear a atividade cinematogr\u00e1fica no Estado de Minas Gerais, no que diz respeito \u00e0 produ\u00e7\u00e3o, exibi\u00e7\u00e3o, distribui\u00e7\u00e3o de filmes, recep\u00e7\u00e3o, produ\u00e7\u00e3o cr\u00edtica e publica\u00e7\u00f5es sobre cinema. Dada a amplitude do Estado de Minas Gerais e sobretudo o universo abrangente da pesquisa, definimos como segunda etapa desse projeto continuar o levantamento de publica\u00e7\u00f5es peri\u00f3dicas voltadas ao cinema na regi\u00e3o mineira da Zona da Mata, compreendendo o recorte temporal dos prim\u00f3rdios (1987) \u00e0 d\u00e9cada de 1960.<br \/>\nEst\u00e1 previsto ainda a realiza\u00e7\u00e3o de entrevistas com cineastas, cr\u00edticos de cinema, t\u00e9cnicos, curadores de mostra, editores e personalidades que ajudaram e ajudam a fomentar a atividade cinematogr\u00e1fica no Estado de Minas Gerais. A pesquisa partiu do crit\u00e9rio da divis\u00e3o geogr\u00e1fica em sua primeira fase da regi\u00e3o em Juiz de Fora, Muria\u00e9, Cataguases Leopoldina e Carangola. J\u00e1 em sua segunda fase as cidades contempladas s\u00e3o: Juiz de Fora (sede); Ub\u00e1; Cataguases e Al\u00e9m Para\u00edba.<\/p>","protected":false},"featured_media":7838,"parent":0,"menu_order":0,"comment_status":"closed","ping_status":"closed","template":"","format":"standard","tnc_tax_8393":[100],"class_list":["post-7822","tnc_col_7683_item","type-tnc_col_7683_item","status-publish","format-standard","has-post-thumbnail","hentry","tnc_tax_8393-100","tainacan-item-single-page"],"blocksy_meta":[],"_links":{"self":[{"href":"https:\/\/minasecinema.repesq.ufjf.br\/en\/wp-json\/wp\/v2\/tnc_col_7683_item\/7822","targetHints":{"allow":["GET"]}}],"collection":[{"href":"https:\/\/minasecinema.repesq.ufjf.br\/en\/wp-json\/wp\/v2\/tnc_col_7683_item"}],"about":[{"href":"https:\/\/minasecinema.repesq.ufjf.br\/en\/wp-json\/wp\/v2\/types\/tnc_col_7683_item"}],"replies":[{"embeddable":true,"href":"https:\/\/minasecinema.repesq.ufjf.br\/en\/wp-json\/wp\/v2\/comments?post=7822"}],"version-history":[{"count":1,"href":"https:\/\/minasecinema.repesq.ufjf.br\/en\/wp-json\/wp\/v2\/tnc_col_7683_item\/7822\/revisions"}],"predecessor-version":[{"id":7839,"href":"https:\/\/minasecinema.repesq.ufjf.br\/en\/wp-json\/wp\/v2\/tnc_col_7683_item\/7822\/revisions\/7839"}],"wp:featuredmedia":[{"embeddable":true,"href":"https:\/\/minasecinema.repesq.ufjf.br\/en\/wp-json\/wp\/v2\/media\/7838"}],"wp:attachment":[{"href":"https:\/\/minasecinema.repesq.ufjf.br\/en\/wp-json\/wp\/v2\/media?parent=7822"}],"wp:term":[{"taxonomy":"tnc_tax_8393","embeddable":true,"href":"https:\/\/minasecinema.repesq.ufjf.br\/en\/wp-json\/wp\/v2\/tnc_tax_8393?post=7822"}],"curies":[{"name":"wp","href":"https:\/\/api.w.org\/{rel}","templated":true}]}}

<p>O Minas é Cinema objetiva mapear a atividade cinematográfica no Estado de Minas Gerais, no que diz respeito à produção, exibição, distribuição de filmes, recepção, produção crítica e publicações sobre cinema. Dada a amplitude do Estado de Minas Gerais e sobretudo o universo abrangente da pesquisa, definimos como segunda etapa desse projeto continuar o levantamento de publicações periódicas voltadas ao cinema na região mineira da Zona da Mata, compreendendo o recorte temporal dos primórdios (1987) à década de 1960.<br />
Está previsto ainda a realização de entrevistas com cineastas, críticos de cinema, técnicos, curadores de mostra, editores e personalidades que ajudaram e ajudam a fomentar a atividade cinematográfica no Estado de Minas Gerais. A pesquisa partiu do critério da divisão geográfica em sua primeira fase da região em Juiz de Fora, Muriaé, Cataguases Leopoldina e Carangola. Já em sua segunda fase as cidades contempladas são: Juiz de Fora (sede); Ubá; Cataguases e Além Paraíba.</p>
